). What is the tens digit of o/30 + (-749)/g?
2
Let w(u) = 145*u**3 + 15*u**2 - 54*u - 94. What is the tens digit of w(8)?
7
Let i(h) = -3*h - 45. Let u be i(-17). Suppose 10 + 14 = u*m. Let c = 43 + m. What is the units digit of c?
7
Let n = 141 + -131. Suppose -n*l = -905 - 2735. What is the hundreds digit of l?
3
What is the tens digit of 11358 + 40/((-15)/3)?
5
Suppose 6*o + 42 = 18. What is the hundreds digit of 273 + (-4 - 36/o)?
2
Let p = -110 - -113. Suppose -n + 327 = -p*g, -2*g - 1258 = n - 5*n. What is the tens digit of n?
1
What is the tens digit of (-195)/(-780) + 69343/4?
3
Suppose 0*c + c + 432 = 4*q, 5*q + 5*c - 515 = 0. Let r be (-4 - q)*(2 - 1). Let m = -60 - r. What is the tens digit of m?
5
Let j(g) = g - 9. Let s be j(5). What is the units digit of ((-27820)/195)/(s/6)?
4
Let g be (20/5 - 4)/5. What is the tens digit of g - (-1 + 916/(-2))?
5
Let c(y) = 4*y**2 + 13*y + 21. Suppose 6*g + 11 = -43. What is the hundreds digit of c(g)?
2
Suppose -52 = -3*o - 10*o. Suppose 0 = 2*p + o, -4*w - 3*p + 3 = -w. Suppose w*g - 4*m - 312 - 40 = 0, -g - 4*m = -96. What is the units digit of g?
2
Let q(v) = -123*v + 136. Let n be q(-8). Suppose 6*c = -c + n. What is the hundreds digit of c?
1
Suppose v - 2*k - 171 = 0, 0 - 4 = -k. Suppose 10*o + 61 + v = 0. What is the units digit of ((4599/36)/7)/((-2)/o)?
9
Let g = 2102 + 5536. What is the tens digit of g?
3
Let h(l) = l**2 - 1. Let g be h(2). Let a(j) = j**3 + 22*j**2 + 100*j + 37. Let q be a(-13). Suppose -g*f + 0*f + q = 0. What is the units digit of f?
6
Suppose 0 = 3*l + j - 209662, -2*j + 69894 = -42*l + 43*l. What is the units digit of l?
6
Let r = -88 + 91. Suppose 4*s + 37 = 5*k + 12, 0 = -r*s - k + 5. Suppose -5*g + 23 - 8 = s. What is the units digit of g?
3
Let c(p) be the second derivative of -5*p**4/12 + 5*p**3/6 + 3*p**2/2 + 5*p. Let j be c(-2). What is the units digit of ((-54)/18)/(1/j)?
1
Let b(i) = i**3 + 60*i**2 + 572*i - 35. What is the thousands digit of b(-37)?
0
Suppose 6*t - 30 = 16*t. What is the tens digit of -4 - ((-5)/(-15)*t - 171)?
6
What is the tens digit of ((-56)/(-52))/(-7) - ((-3167724)/91 - -9)?
0
Let f(n) be the third derivative of -n**6/60 - 3*n**5/20 - 7*n**4/8 - 7*n**3/6 + 4*n**2. What is the units digit of f(-7)?
5
Let z(j) be the third derivative of j**5/30 - j**4/6 + j**3/2 - 3*j**2. What is the hundreds digit of z(-7)?
1
What is the tens digit of 1 + 22729 - (625 + -625)?
3
Suppose 5*p = -5*o + 54570, -16*p = -17*p + 4*o + 10934. What is the ten thousands digit of p?
1
Let i = -15649 - -29675. What is the units digit of i?
6
Let i = 243 + -120. Suppose -i = -3*q + 81. What is the tens digit of q?
6
Let i(a) = -49*a - 112. Let r be i(24). Let b = r - -2565. What is the thousands digit of b?
1
Suppose 89*n - 27*n - 145204 = 0. What is the tens digit of n?
4
Let w(s) = -5*s**2 - 3*s + 22. Let g(l) = -6*l**2 - 4*l + 22. Let x(t) = 4*g(t) - 5*w(t). Let f be x(-7). Let p = -28 + f. What is the units digit of p?
6
Let l = 878 + -444. What is the units digit of l?
4
Let a be 4/(-9) - 896/(-72). Suppose 794 = -10*w + a*w. What is the tens digit of w?
9
Suppose 5*o = -j - 8391, j - 10655 = 4*o - 3944. Let v = 2455 + o. What is the hundreds digit of v?
7
Let a = 0 + 5. Suppose 0 = 2*w - a - 3, w = 5*s - 3436. What is the tens digit of s?
8
Suppose -12*u + 62608 = 4*u. Suppose 1449 = 7*x - u. What is the hundreds digit of x?
7
Suppose -5*g + 3 = 63. What is the tens digit of g/2*((-33796)/(-21))/(-17)?
6
Let v(z) = -6*z + 1071. Let r(b) = -5*b + 1072. Let w(l) = 5*r(l) - 4*v(l). What is the units digit of w(0)?
6
Suppose 0 = -10*l - 136108 - 84452. What is the tens digit of l/(-276) + (-4)/(-46)?
8
Suppose h = -0*h + 376. Let u = 848 - h. What is the tens digit of u?
7
Suppose -24*z + t + 146153 = -19*z, -4*t = 3*z - 87701. What is the thousands digit of z?
9
Let l(d) be the second derivative of d**4/12 - 22*d**3/3 + d**2/2 - 25*d. Let f be l(10). Let m = 620 + f. What is the tens digit of m?
8
Suppose 134*z + 116555 - 1338242 - 257003 = 0. What is the tens digit of z?
3
Let u(v) = -117*v - 219. Let x(g) = -350*g - 652. Let z(q) = 11*u(q) - 4*x(q). What is the tens digit of z(15)?
9
Let c(k) = -11*k**3 + 88*k**2 + 191*k + 151. Let y(x) = 3*x**3 - 29*x**2 - 64*x - 50. Let b(d) = -2*c(d) - 7*y(d). What is the units digit of b(-22)?
6
Suppose -3*m - 14 = -10*m. Let f = 321 + -127. Suppose -6*g + m*g = -2*n + 218, -2*n - 4*g = -f. What is the hundreds digit of n?
1
Let h(f) = f**2 + 14*f - 17. Let d be h(-15). Let t be ((4 - 3) + d)*0. What is the units digit of (t + (1 - 4))/((-3)/153)?
3
Let d(c) = 86*c**2 + c + 9. Suppose -10*x = x + 22. What is the hundreds digit of d(x)?
3
Let y = -241 - -101. Let l be (-9)/((-45)/y) - 2. Let o = l - -104. What is the units digit of o?
4
Suppose b = 7*n - 3*n + 14, 0 = -4*b - 4*n - 24. What is the tens digit of 165/b*(15 + -17)?
6
Suppose -6*p - 566 = -182. What is the thousands digit of p/4*-68 + 2*1?
1
Let t be (20 + -20)/((-4)/1). Suppose -4*h - 2*u + 18 = t, u - 2 = 3. What is the tens digit of h/(-10) - ((-952)/10 + -1)?
9
Suppose 3*s = -0*m + 4*m - 13, 5*m + s - 21 = 0. Suppose -7*w + m*c - 159 = -4*w, c = 3*w + 168. Let t = 62 + w. What is the units digit of t?
5
Let k(a) = 5*a**2 - 6*a. Suppose 0 = 4*b - 5*h - 44, -3*h = -2*h. Let u be k(b). Suppose 15*w = 4*w + u. What is the units digit of w?
9
Let b = 23790 + -20412. What is the tens digit of b?
7
Let y(g) = -g**3 + 14*g**2 + 22*g - 13. Let o be y(14). Suppose 0 = u + p - 6*p - o, u - p = 303. Let s = u - 218. What is the tens digit of s?
8
What is the hundreds digit of 7237 - (-110)/(5 + 6)?
2
Let k(y) = -17*y - 7. Let i(f) = -16*f - 7. Let w(o) = 7*i(o) - 6*k(o). What is the units digit of w(-8)?
3
Suppose 8*i - 14094 = -5430. What is the thousands digit of i?
1
Let m be (-280)/(-6)*(-12)/56*-7. Suppose -19*j + m*j = 16524. What is the hundreds digit of j?
3
Let j be (-170)/(-8) - 18/72. Suppose -3 = -3*b + j. What is the tens digit of -2 + 130/8 - 2/b?
1
Let m = 216 + 238. Suppose 0 = -p + o + 268, -5*p + 881 + m = -4*o. What is the tens digit of p?
6
Let p = -47 - -50. What is the units digit of 2 - (p/12 - (-1305)/(-4))?
8
Let n(k) = k**2 - 13*k + 23. Suppose t = 18 + 13. Let u = t - 19. What is the tens digit of n(u)?
1
Let a = 177 - 67. Let q = a + 44. What is the units digit of q?
4
Suppose -3*u = 5*p - 95, u = -3*p - u + 57. Suppose -18*t = -p*t + 18. Suppose t = q - 66. What is the units digit of q?
4
Suppose 3*y - 43*y - 60*y = -3971100. What is the ten thousands digit of y?
3
Let y(c) = -c**2 + c + 14. Let f be y(4). Suppose -5*i + 2099 = f*h, -h = 2*i - 474 - 366. What is the hundreds digit of i?
4
Let h(c) = -2*c**2 - 3*c + 5. Let o be h(1). Suppose o = q - 77 + 73. What is the tens digit of 3 + ((-45)/(-6) - -2)*q?
4
Suppose 0 = 531*w - 535*w + 4. What is the thousands digit of (-65394)/(-42) - (w + 1)?
1
Let z = 44 + -43. Let g be ((-3)/6)/(3*z/36). What is the tens digit of (-1 - 1)/(g/144)?
4
Suppose -u = -5*q + 997, -q + 4638 = -5*u - 395. Let x = u - -1738. What is the tens digit of x?
3
Suppose -3*k = -2*i + 7 + 10, -3*i = 2*k + 7. What is the units digit of (i + -59)*1275/(-150)?
3
Suppose -3*f + 128 + 388 = w, -5*f = -4*w - 877. Suppose -2*g + d + 11 = -58, -5*g + f = -2*d. What is the units digit of g?
5
Suppose -100 = -3*g + 32. Suppose 38*y = g*y - 1992. What is the tens digit of y?
3
Let v = -70 - -86. Suppose -3*h + 8 = -h - 2*n, -2*h = 4*n + v. Suppose 2*f = -5*a + 51, -3*a - 3 + 6 = h. What is the units digit of f?
3
Suppose 8860*w - 8849*w = 28226. What is the hundreds digit of w?
5
Let l(b) be the first derivative of -b**4/4 - b**3 - 5*b**2 - 6*b + 32. What is the units digit of l(-3)?
4
Suppose 4*l - 40596 = -4*b, -30447 = -3*l + 5*b - b. What is the tens digit of l?
4
Suppose 25 = 10*b - 5*b. Suppose -4*g + 16 = 8, -g + 387 = b*c. What is the units digit of c?
7
Let n(t) = 5066*t - 5469. What is the units digit of n(4)?
5
What is the ten thousands digit of 21231 - (-13 + (-2)/11 + 790/110)?
2
What is the hundreds digit of ((-1766)/(-14))/((-433)/(-27279))?
9
Suppose 2*a + 2*f = 12, -2*a - 5*f = -a - 14. Let h = -2234 - -2262. Let p = h + a. What is the units digit of p?
2
Suppose 30*p + 6323 = 99*p - 71854. What is the 